74. What is t(5)?
-29
Let i(u) = u**3 - 9*u**2 + 27*u - 306. Give i(9).
-63
Let n(g) = 1098*g + 15371. What is n(-14)?
-1
Let y(w) = -719*w - 105669. Give y(-147).
24
Let w(s) = -233*s + 2317. Give w(10).
-13
Let o(l) = 2*l**2 + 48*l - 371. Give o(6).
-11
Let u(c) = -11*c**2 + 26*c + 11. Calculate u(4).
-61
Let z(r) = -80*r + 181. What is z(3)?
-59
Let a(x) = -5*x + 12. Give a(20).
-88
Let q(j) = -10154*j - 81231. Give q(-8).
1
Let g(y) = -14*y**3 - 3*y**2 - 80*y + 173. Determine g(2).
-111
Let j(b) = 9*b + 62. Determine j(-2).
44
Let x(z) = 3*z**3 - 18*z**2 + 5*z - 3. Determine x(3).
-69
Let b(x) = -191*x - 50809. What is b(-266)?
-3
Let n(w) = -w**3 + 43*w**2 - 88*w + 247. Calculate n(41).
1
Let a(n) = -n**3 + 8*n**2 - 28*n + 53. Determine a(5).
-12
Let c(t) = 2*t**2 + 54*t - 241. What is c(-29)?
-125
Let s(j) = 8103*j - 24311. Determine s(3).
-2
Let c(n) = -5*n**2 + 286*n + 237. Calculate c(58).
5
Let w(r) = -r**3 - 45*r**2 + 5*r + 93. Give w(-45).
-132
Let t(v) = 683*v**3 - 9*v**2 + 2. Determine t(1).
676
Let h(f) = -6*f**2 + 173*f - 7. Give h(28).
133
Let x(a) = 30*a**2 - 305*a + 24. Determine x(10).
-26
Let d(o) = -786*o + 23569. What is d(30)?
-11
Let j(y) = -3*y**2 + 185*y - 2556. Determine j(21).
6
Let r(s) = 19*s**2 - 3404*s - 2882. Determine r(180).
-2
Let h(k) = k**3 - 91*k**2 + 187*k - 738. Give h(89).
63
Let i(s) = s**3 + 52*s**2 + 69*s + 914. Give i(-51).
-4
Let s(y) = 6*y**2 - 102*y + 54. Determine s(17).
54
Let z(q) = -3*q**2 - 54*q + 1181. Calculate z(-31).
-28
Let s(l) = l**3 + 15*l**2 + 48*l - 11. Determine s(-7).
45
Let r(s) = -s**3 - 3*s**2 + 7*s - 5. Determine r(-4).
-17
Let a(m) = -2*m**2 + 22*m - 204. Calculate a(11).
-204
Let b(v) = v**3 + 15*v**2 + 68*v + 390. Give b(-12).
6
Let z(l) = 93*l + 448. Give z(-5).
-17
Let s(k) = 23*k + 83. Calculate s(-9).
-124
Let t(a) = 257*a + 11569. Calculate t(-45).
4
Let k(a) = -15*a**2 - 27*a - 184. What is k(-6)?
-562
Let v(j) = 3212*j - 22483. Calculate v(7).
1
Let n(z) = 7*z - 198. Calculate n(17).
-79
Let c(g) = g**3 - 5*g**2 - 31*g - 9. Give c(-7).
-380
Let r(b) = 2*b**2 - 18*b + 40. What is r(6)?
4
Let z(g) = 41*g - 46. What is z(2)?
36
Let c(d) = 2*d**2 + 32*d - 2. What is c(-13)?
-80
Let b(v) = 80*v - 1725. Determine b(28).
515
Let d(l) = 364*l + 15273. Calculate d(-42).
-15
Let w(h) = 13*h**2 - 56*h - 4. Determine w(3).
-55
Let c(w) = -518*w**2 - 18*w - 18. Determine c(-1).
-518
Let x(i) = 2*i**3 - 18*i**2 - 117*i + 174. Give x(13).
5
Let y(f) = 5*f + 61. Determine y(15).
136
Let w(x) = x**2 - 21*x + 55. Determine w(13).
-49
Let g(z) = 163*z - 418. What is g(2)?
-92
Let h(l) = 5*l + 170. Determine h(-23).
55
Let l(t) = -t**2 + 37*t - 201. Determine l(29).
31
Let x(a) = 9*a**2 + 3*a - 12. What is x(-4)?
120
Let a(o) = -172*o**2 + 8599*o + 39. What is a(50)?
-11
Let l(t) = -605*t + 3054. Determine l(5).
29
Let g(b) = 2*b**2 + 129*b - 479. Calculate g(-68).
-3
Let l(i) = 4*i**2 - 20*i + 77. What is l(4)?
61
Let l(o) = 2*o**2 + 110*o + 30. Calculate l(-61).
762
Let t(o) = -o**2 + 47*o + 341. What is t(48)?
293
Let d(a) = -59*a + 2763. Calculate d(45).
108
Let u(z) = -z**3 + 2*z**2 + 3*z + 29. Determine u(0).
29
Let b(w) = -6*w**2 + 111*w + 11. What is b(19)?
-46
Let u(j) = 11*j**2 - 247*j - 2910. Give u(31).
4
Let n(m) = -m**2 + 276*m - 16899. Determine n(91).
-64
Let u(b) = -5*b**3 + 9*b**2 - 21*b - 2. What is u(4)?
-262
Let n(w) = -157*w**3 - 3*w**2 + 72*w - 70. Give n(1).
-158
Let t(f) = -467*f - 12148. Determine t(-26).
-6
Let v(j) = 111*j - 182. What is v(2)?
40
Let b(r) = -42*r - 4333. Give b(-103).
-7
Let q(s) = 3*s**2 + 14*s + 61. Determine q(-7).
110
Let p(k) = -6*k**3 + 114*k**2 - 141*k + 2674. Give p(19).
-5
Let q(o) = 73*o + 3380. Determine q(-45).
95
Let g(p) = -2*p**2 - 5*p + 6889. Calculate g(-60).
-11
Let c(w) = -9*w**2 + 36*w - 25. What is c(4)?
-25
Let m(u) = 20*u - 62. Give m(3).
-2
Let v(l) = -5*l - 80. Calculate v(6).
-110
Let w(b) = -4*b**2 + 76*b - 26. Calculate w(18).
46
Let u(m) = -13*m**2 - 30*m + 35. Give u(-3).
8
Let n(d) = -d**2 + 40*d - 402. Determine n(18).
-6
Let z(t) = 27*t - 83. Determine z(3).
-2
Let m(t) = 8*t**2 + 300*t - 492. What is m(-39)?
-24
Let n(k) = 6*k**2 - 159*k + 30. Give n(26).
-48
Let u(k) = 2*k**3 + 145*k**2 + 55*k - 1027. Determine u(-72).
197
Let o(y) = 55*y + 42. Calculate o(-1).
-13
Let b(t) = t + 19. Determine b(9).
28
Let a(l) = 65*l - 1238. What is a(19)?
-3
Let g(p) = -p**2 + p - 25. Give g(-10).
-135
Let h(u) = -8*u**2 + 1634*u - 402. Calculate h(204).
6
Let b(o) = o**3 + 8*o**2 + 11*o + 11. What is b(-10)?
-299
Let m(t) = -t**3 + 48*t**2 - 97*t + 243. What is m(46)?
13
Let i(h) = h**3 + 4*h**2 + 36*h + 162. Determine i(-4).
18
Let i(c) = -5*c**2 - 16*c + 7. Calculate i(4).
-137
Let h(f) = f**3 - 21*f**2 - 145*f + 13. Determine h(26).
-377
Let g(a) = -a**3 - 58*a**2 - 354*a + 192. What is g(-51)?
39
Let w(k) = -20*k**2 + 60*k - 9. Give w(3).
-9
Let h(s) = s**2 - 30*s + 385. Determine h(10).
185
Let k(f) = f**3 - 56*f**2 - 180*f + 168. Give k(59).
-9
Let i(f) = f**3 - 75*f**2 - 139*f - 1151. Determine i(77).
4
Let i(s) = 2*s**3 + 12*s**2 - 15*s - 16. Determine i(-7).
-9
Let x(z) = 285*z + 11974. Calculate x(-42).
4
Let g(x) = 3*x**2 + 1397*x + 5548. What is g(-4)?
8
Let f(c) = -c**3 - c**2 + 87*c + 26. Give f(9).
-1
Let p(l) = 438*l - 3073. Determine p(7).
-7
Let i(j) = 136*j**2 - j + 1. Give i(1).
136
Let w(r) = -r**2 - 182*r + 2945. Determine w(15).
-10
Let u(a) = -a**2 - 6*a + 74. Calculate u(6).
2
Let b(t) = -2*t**2 + 1515*t + 6097. Determine b(-4).
5
Let g(s) = -s**3 + s**2 + 6*s - 20. What is g(4)?
-44
Let g(j) = -287*j + 2681. What is g(13)?
-1050
Let m(v) = -v**2 - 178*v - 1998. Determine m(-12).
-6
Let i(g) = 2*g**3 - 24*g**2 - 22*g + 266. Determine i(12).
2
Let f(g) = 7*g**3 - 23*g**2 + 23*g - 31. Calculate f(6).
791
Let r(v) = 4*v**3 + 59*v**2 + 11*v + 304. What is r(-15)?
-86
Let g(w) = -73*w**2 - 7*w + 22. Calculate g(2).
-284
Let i(x) = x**2 - 131*x + 3152. Give i(98).
-82
Let g(m) = -m**3 - 3*m**2 + 13*m + 10. What is g(3)?
-5
Let i(a) = -4*a + 57. Determine i(13).
5
Let c(o) = 105*o - 1389. Give c(15).
186
Let d(h) = -95*h - 391. Calculate d(-2).
-201
Let o(t) = -82*t - 981. What is o(-11)?
-79
Let p(o) = -42*o**3 + 5*o**2 - 5*o + 2. Calculate p(1).
-40
Let f(a) = 100*a - 20. Calculate f(2).
180
Let j(q) = -q**2 - 208*q + 806. What is j(4)?
-42
Let v(h) = -5*h**2 + 318*h + 1142. Determine v(67).
3
Let j(v) = -v**3 + 97*v**2 + 302*v - 193. Give j(100).
7
Let c(w) = w**3 + 24*w**2 + 13*w - 106. Give c(-24).
-418
Let m(l) = -138*l + 12424. Calculate m(90).
4
Let j(n) = 456*n - 9131. Calculate j(20).
-11
Let g(m) = 23*m - 83. Calculate g(12).
193
Let f(d) = -63*d + 1119. Determine f(18).
-15
Let y(q) = -149*q + 2464. Calculate y(22).
-814
Let m(o) = -o**2 + 75*o + 235. Determine m(78).
1
Let v(o) = 49*o - 180. Give v(4).
16
Let m(y) = -4*y**2 + 49*y - 52. Determine m(1).
-7
Let g(z) = 3*z - 190. Determine g(38).
-76
Let h(n) = n**3 - 38*n**2 + 137*n - 21. Determine h(34).
13
Let f(c) = 191*c - 3625. What is f(19)?
4
Let f(w) = -2*w**3 + 91*w**2 - 26*w + 184. Calculate f(45).
1039
Let a(q) = q**2 - 614*q - 3092. Determine a(-5).
3
Let b(z) = -z**3 - 18*z**2 - 59*z + 217. Calculate b(-10).
7
Let o(y) = y**3 - 207*y**2 - 594*y + 104. Determine o(-3).
-4
Let c(s) = -s**2 + 36*s + 2938. Calculate c(75).
13
Let w(r) = r**3 - 8*r**2 + 44*r - 35. Give w(10).
605
Let w(u) = -2*u**3 + 58*u**2 - 113*u + 116. What is w(27)?
-19
Let l(d) = 6*d - 420. What is l(14)?
-336
Let y(c) = -64*c**3 - c**2 - 37*c + 73. Calculate y(2).
-517
Let a(j) = 18*j**3 - 11*j**2 + 10*j + 2. Determine a(1).
19
Let d(r) = -183*r - 2556. What is d(-14)?
6
Let z(l) = 2*l**3 + 17*l**2 + 355*l + 1605. Determine z(-5).
5
Let y(h) = 2*h**2 - 14*h - 14. Calculate y(9).
22
Let w(c) = -c**2 - 5*c - 71. Calculate w(7).
-155
Let x(i) = -10*i**3 + i**2 + 5*i + 1. What is x(-2)?
75
Let j(z) = z**3 - 10*z**2 - 56*z + 420. What is j(7)?
-119
Let s(k) = -k**2 - 1039*k - 8196. Calculate s(-8).
52
Let p(v) = -v**3 - 234*v**2 + 2950*v + 29. Give p(12).
5
Let z(r) = -2*r**3 + 45*r**2 - 62*r + 17. What is z(21)?
38
Let v(r) = r**2 + 14*r - 79. Calculate v(-19).
16
Let w(l) = -l**2 - 6544*l + 39298. What is w(6)?
-2
Let j(i) = -4*i**2 - 33*i + 324. What is j(